are the prime factors of 627102324?
2, 3, 17, 37951
List the prime factors of 14074170.
2, 3, 5, 11, 42649
What are the prime factors of 39175649?
39175649
List the prime factors of 2443059.
3, 271451
List the prime factors of 31607986.
2, 2459, 6427
What are the prime factors of 175286032?
2, 10955377
List the prime factors of 107679355.
5, 7, 269, 11437
List the prime factors of 15680535.
3, 5, 13, 97, 829
List the prime factors of 6364120611.
3, 2121373537
What are the prime factors of 107962503?
3, 11, 19, 409, 421
What are the prime factors of 664116213?
3, 59, 3752069
List the prime factors of 83410988.
2, 19, 1097513
What are the prime factors of 262162129?
193, 1358353
List the prime factors of 274380570.
2, 3, 5, 23, 83, 1597
What are the prime factors of 23188594?
2, 11, 13, 89, 911
What are the prime factors of 20629772?
2, 17, 303379
List the prime factors of 48816714.
2, 3, 61, 133379
What are the prime factors of 639295933?
639295933
What are the prime factors of 237664877?
113, 2103229
List the prime factors of 8752333217.
36653, 238789
List the prime factors of 1093258476.
2, 3, 30368291
What are the prime factors of 11911478?
2, 2089, 2851
List the prime factors of 156092964.
2, 3, 29, 15467
List the prime factors of 178709486.
2, 89354743
What are the prime factors of 87110904?
2, 3, 59, 61519
List the prime factors of 539251627.
53, 10174559
What are the prime factors of 75387438?
2, 3, 7, 41, 14593
What are the prime factors of 43204886?
2, 31, 696853
What are the prime factors of 1113604488?
2, 3, 73, 211873
What are the prime factors of 158540313?
3, 19, 1213, 2293
List the prime factors of 46283669.
137, 337837
List the prime factors of 119899796.
2, 5449, 5501
List the prime factors of 1167043.
23, 50741
What are the prime factors of 41849240?
2, 5, 17, 61543
What are the prime factors of 4944836846?
2, 31, 59, 229, 5903
List the prime factors of 72931931.
79, 103, 8963
List the prime factors of 77125368.
2, 3, 229, 14033
What are the prime factors of 1664116582?
2, 7829, 106279
List the prime factors of 1144841197.
1144841197
What are the prime factors of 131967608?
2, 109, 151339
List the prime factors of 1392042824.
2, 17, 41, 6089
List the prime factors of 85237507.
17, 31, 161741
What are the prime factors of 135638104?
2, 7, 17, 29
List the prime factors of 659919368.
2, 82489921
What are the prime factors of 9683870?
2, 5, 7, 19763
List the prime factors of 94505560.
2, 5, 2362639
List the prime factors of 2750103976.
2, 67, 5130791
List the prime factors of 731490750.
2, 3, 5, 12041
List the prime factors of 624096423.
3, 523, 132589
List the prime factors of 466483375.
5, 3731867
What are the prime factors of 35915151?
3, 11971717
What are the prime factors of 17516811?
3, 13, 449149
List the prime factors of 423685476.
2, 3, 29, 405829
List the prime factors of 58550798.
2, 37, 791227
What are the prime factors of 15916134?
2, 3, 13, 419, 487
List the prime factors of 1317869902.
2, 59, 233, 47933
List the prime factors of 35539772.
2, 8884943
List the prime factors of 74273418.
2, 3, 4126301
What are the prime factors of 164732622?
2, 3, 19, 463, 3121
What are the prime factors of 278453615?
5, 11, 47, 107719
What are the prime factors of 1173959030?
2, 5, 61, 1924523
List the prime factors of 130754926.
2, 3761, 17383
List the prime factors of 186379216.
2, 1453, 8017
List the prime factors of 41633084.
2, 1447, 7193
List the prime factors of 47686968.
2, 3, 7, 10513
What are the prime factors of 529073089?
529073089
List the prime factors of 28287797.
28287797
List the prime factors of 1963438214.
2, 29, 229, 147827
What are the prime factors of 89594294?
2, 109, 410983
What are the prime factors of 37623889?
37623889
What are the prime factors of 52822398?
2, 3, 23, 29, 67, 197
What are the prime factors of 523444063?
523444063
What are the prime factors of 1181396552?
2, 7, 21096367
What are the prime factors of 73530736?
2, 4595671
List the prime factors of 816009329.
816009329
What are the prime factors of 1045558247?
37, 97, 317, 919
List the prime factors of 4784840383.
17, 103, 1367, 1999
List the prime factors of 105635376.
2, 3, 7, 11, 1361
What are the prime factors of 2359641891?
3, 101, 7787597
What are the prime factors of 171006441?
3, 19, 97, 157, 197
List the prime factors of 20951588.
2, 7, 748271
What are the prime factors of 1237826810?
2, 5, 11, 43, 261697
What are the prime factors of 1108791?
3, 17, 7247
List the prime factors of 1375337649.
3, 7, 65492269
List the prime factors of 532785625.
5, 852457
What are the prime factors of 117584696?
2, 257, 57191
List the prime factors of 77085905.
5, 13, 17, 69761
List the prime factors of 175605178.
2, 7, 1091, 11497
What are the prime factors of 66789099?
3, 13, 599, 953
What are the prime factors of 278921492?
2, 69730373
What are the prime factors of 796898724?
2, 3, 47, 821, 1721
What are the prime factors of 967906602?
2, 3, 13, 318181
What are the prime factors of 74940142?
2, 19, 43, 45863
What are the prime factors of 97378113?
3, 7, 23, 201611
What are the prime factors of 1882953333?
3, 19, 389, 28307
What are the prime factors of 82422904?
2, 10302863
What are the prime factors of 83670158?
2, 11, 13, 17, 17209
List the prime factors of 1026427214.
2, 513213607
What are the prime factors of 28633067?
28633067
List the prime factors of 479753880.
2, 3, 5, 53, 241, 313
What are the prime factors of 2601956656?
2, 13, 751, 16657
List the prime factors of 126011235.
3, 5, 7, 29, 1427
List the prime factors of 3799675880.
2, 5, 7, 11, 13, 8627
List the prime factors of 1175948782.
2, 29, 20274979
What are the prime factors of 140403071?
140403071
List the prime factors of 2734450919.
29, 94291411
What are the prime factors of 28110368?
2, 11, 13, 6143
What are the prime factors of 84847248?
2, 3, 31, 83, 229
What are the prime factors of 150577461?
3, 41, 45341
List the prime factors of 657251799.
3, 59, 3713287
What are the prime factors of 6518485493?
13, 501421961
What are the prime factors of 4486350?
2, 3, 5, 11, 2719
List the prime factors of 270547558.
2, 135273779
What are the prime factors of 315013973?
315013973
List the prime factors of 1385116362.
2, 3, 7, 1221443
List the prime factors of 106726107.
3, 181, 196549
What are the prime factors of 58795571?
17, 3458563
List the prime factors of 3927517973.
17, 23, 10044803
List the prime factors of 45568982.
2, 22784491
List the prime factors of 7945418880.
2, 3, 5, 7, 197059
List the prime factors of 3474017714.
2, 463, 3751639
List the prime factors of 358085410.
2, 5, 35808541
List the prime factors of 414538758.
2, 3, 31, 53, 107, 131
What are the prime factors of 1894832948?
2, 71, 6671947
What are the prime factors of 10153815?
3, 5, 7, 96703
What are the prime factors of 48154497?
3, 269, 59671
What are the prime factors of 1548308823?
3, 2593, 199037
What are the prime factors of 126971544?
2, 3, 7, 101, 1069
List the prime factors of 1315477324.
2, 7, 349, 19231
List the prime factors of 249820819.
29, 73, 199, 593
List the prime factors of 2078778339.
3, 11, 20997761
List the prime factors of 200056353.
3, 7, 9526493
List the prime factors of 139788716.
2, 47, 103, 7219
List the prime factors of 198403208.
2, 3701, 6701
List the prime factors of 19331061.
3, 53, 121579
List the prime factors of 2495518944.
2, 3, 17, 211, 7247
List the prime factors of 4194514137.
3, 11, 191, 665479
List the prime factors of 39806061.
3, 17, 59, 13229
What are the prime factors of 771212098?
2, 385606049
What are the prime factors of 1407982327?
19, 71, 1043723
What are the prime factors of 355046927?
355046927
List the prime factors of 4496963035.
5, 19, 1063, 44531
List the prime factors of 372121304.
2, 353, 131771
What are the prime factors of 286546819?
13, 4357, 5059
What are the prime factors of 209591481?
3, 11, 577387
List the prime factors of 18835400.
2, 5, 41, 2297
List the prime factors of 377488170.
2, 3, 5, 181, 23173
What are the prime factors of 4345728653?
7, 17989, 34511
List the prime factors of 60688095.
3, 5, 13, 139, 2239
What are the prime factors of 1330334113?
26713, 49801
List the prime factors of 33979481.
17, 1998793
List the prime factors of 4165974